 u = 12 + w. What is the remainder when 29 is divided by u?
9
Let b = -153 - -1425. What is the remainder when b/40 + (-3)/(-15) is divided by 10?
2
Suppose 7*w - 3*w - 108 = 0. Suppose 4*l - 2*i = 314, 2*i + 87 = -3*l + 326. What is the remainder when l is divided by w?
25
Suppose -4*t = 2*l + 3*l - 154, -4*l = 3*t - 124. Calculate the remainder when 100 is divided by l.
32
Suppose -2*i + 26 = 4*g - 38, -2*g + 5*i = -20. Let a be 2/(1 + -3) + -19. What is the remainder when 16/a*(-35)/1 is divided by g?
13
Suppose -10 = -2*d + 8. Suppose -17*g = -20*g + d. Calculate the remainder when 17 is divided by g.
2
Let c = -32 + 4. Let b = 57 + c. Let k = -4 + b. What is the remainder when 72 is divided by k?
22
Let c(g) = -6 - 2*g + 5 + 58*g**2 + 3. What is the remainder when c(1) is divided by 12?
10
Let d(a) = -a**3 + 20*a**2 - 56*a + 22. Calculate the remainder when 745 is divided by d(16).
145
Let r(w) = -2*w**2 - 44*w - 127. Calculate the remainder when 477 is divided by r(-14).
89
Suppose -4*f + 62 = -2*w + 3*w, 5*f = -4*w + 226. Calculate the remainder when 101 is divided by w.
47
Let z(w) be the first derivative of w**4/4 + 3*w**2/2 - 3*w + 9. Calculate the remainder when z(3) is divided by 7.
5
Suppose -4*g = -a + 31, 3*a + 53 = -2*g + 76. What is the remainder when 203 is divided by a?
5
Let f(r) = -r**3 - 17*r**2 - 16*r + 12. Let m = -28 - -12. Let c be f(m). Suppose c*p - 12 = 9*p. What is the remainder when 15 is divided by p?
3
Suppose 194 = 2*h - 4*m, -4*h + 0*h - 3*m + 344 = 0. Calculate the remainder when 261 is divided by h.
83
Let o = -34 + 6. Let h be (o/20)/(2/(-10)). Let p = 15 - h. What is the remainder when p is divided by 2?
0
Suppose 12*z - 43 = 11*z. Calculate the remainder when 125 is divided by z.
39
What is the remainder when 81 is divided by 11*18/(-396)*68/(-2)?
13
Let m(c) = -c. Let p = -19 + 17. Let i(w) = 2*w**2 - 3*w - 4. What is the remainder when i(3) is divided by m(p)?
1
Let u = 53 - 78. Let i(y) = 63*y + 517. What is the remainder when i(-8) is divided by 6/27 - u/9?
1
Let h(d) = d - 15. Let s be h(13). Calculate the remainder when 8*(1 - s - -8) is divided by 13.
10
Calculate the remainder when 214 is divided by (-364)/(-10) + 10/(-25).
34
Suppose -5*z + 390 = -2*z. Let a = 13 + -9. Suppose -68 = -4*v + a*h, -5*v + 0*v = 4*h - z. Calculate the remainder when v is divided by 8.
6
Suppose -71*o - 5954 = -17882. What is the remainder when 332 is divided by o?
164
Let q(k) = 86*k + 2. Suppose -40*r = h - 35*r - 35, -4*r - 105 = -3*h. Calculate the remainder when q(2) is divided by h.
34
Let k = 10 + 172. Let d = 98 + -37. Calculate the remainder when k is divided by d.
60
Suppose 3*m - 32 = 7*m. Let w(q) = -q**2 - 9*q + 3. What is the remainder when 53 is divided by w(m)?
9
Let l(j) = -j**3 + 9*j**2 + 7*j - 8. Let y = -10 - -18. Let h be l(y). What is the remainder when 22 is divided by (-2)/(-3) + h/21?
4
Let d(j) = j**3 + 16*j**2 + 6*j - 190. What is the remainder when 1059 is divided by d(-14)?
115
Let t be (40/(-6))/(2/(-6)). Suppose 0 = 3*r - u - 4*u - 12, -4*u = 5*r - t. Suppose r*l - l = 21. Calculate the remainder when 19 is divided by l.
5
Let f(l) = 2*l + 3. Let t = 368 + -248. Let z = t - 100. Calculate the remainder when z is divided by f(4).
9
Suppose -10*f + 165 = -195. What is the remainder when ((-6)/(-12))/((-1)/2) + 142 is divided by f?
33
Suppose -k + 24 = f + 2*f, 2*f = -k + 19. Suppose -4*d + 5*d - p = 12, -42 = -d - 5*p. What is the remainder when d is divided by k?
8
What is the remainder when 10937/15 + 102/(-765) is divided by 10?
9
Let g(o) be the third derivative of 5*o**4/24 + 7*o**3/2 - 18*o**2 + 1. Calculate the remainder when g(10) is divided by 24.
23
Let y be ((-342)/(-27))/((-4)/3 - -2). Let b(u) = 3*u - 36. What is the remainder when 80 is divided by b(y)?
17
Suppose b - 2*b = 5, 0 = 5*i - b - 55. What is the remainder when 37 + 1 + -2 + 3 is divided by i?
9
Suppose -18*s + 110 = -17*s. What is the remainder when 195 is divided by s?
85
Suppose -k - 5*s + 14 = 0, 3*k = 3*s - 0*s - 48. Let a = k - -13. Suppose -u = a*v - 45, 3*u - 4*v - 144 = -u. Calculate the remainder when u is divided by 21.
18
Suppose -50*v + 2478 = -8*v. What is the remainder when v is divided by 23?
13
Let z be 9/6*(-2)/(-1). Suppose 0 = z*c - 4 - 5. What is the remainder when 11 is divided by c?
2
Let r(s) = s**2 - 18*s + 2. What is the remainder when r(18) is divided by 1?
0
Let j = -117 + 220. Suppose -4*l + j - 19 = 0. What is the remainder when 123 is divided by l?
18
Suppose 3*h + 3*s = 33, -4*s = -h - 4 - 5. Calculate the remainder when 26 is divided by h.
5
Suppose -13*s = -60 - 83. Calculate the remainder when s is divided by 1/(4 + -1 + 100/(-35)).
4
Let o = 9 + -10. Calculate the remainder when ((-18)/12)/(o/4) is divided by 4.
2
Let p(l) = -2*l**2 - 16*l - 14. Calculate the remainder when 92 is divided by p(-5).
12
Suppose 0*l = -2*l + 70. Let p(u) = u**3 - 20*u**2 - 74*u - 3. Calculate the remainder when l is divided by p(-3).
11
Let y(c) = c**3 - 6*c**2 + 16*c - 39. What is the remainder when 380 is divided by y(5)?
12
Suppose 4*h = 2*h - 82. Let j = 88 + h. What is the remainder when j is divided by (160/8)/(-1 - (1 + -4))?
7
Let p = 77 + -73. What is the remainder when 2*1 - (6 + -11) is divided by p?
3
Suppose 5*j + 0*h - 593 = -h, -109 = -j + 3*h. Suppose 0 = 7*q - 6*q + 5*b + 3, -q = -3*b - 29. Calculate the remainder when j is divided by q.
16
Suppose -5*n = -68 + 38. Suppose -5*f - 42 = -z, 4*z + n = 5*z + 4*f. Let l = -30 - -116. Calculate the remainder when l is divided by z.
20
Suppose -3*b - 3*j = -b - 5, 2*b - 5*j = -35. Let q = -2 - b. Suppose q*s = -t + 28, 3*s + 3*t = -s + 44. What is the remainder when 10 is divided by s?
2
Suppose 557 + 13 = 5*a. Suppose 0 = 4*j + 46 - a. Calculate the remainder when 1 + 3/(3/32) is divided by j.
16
Let l(d) = 26*d - 48. Calculate the remainder when 258 is divided by l(4).
34
Calculate the remainder when 4/(-10)*81490/(-116) is divided by 47.
46
Calculate the remainder when 0 + (-6 + 2 - -125) + 1 is divided by 8.
2
Let u = 49 + 5. What is the remainder when u is divided by 8?
6
Let p = 1756 - 1618. What is the remainder when p is divided by 71?
67
Suppose 0 = 2*k + 2*k - 192. Calculate the remainder when 135 is divided by k.
39
Let b(m) = -5*m + 5. Let r = -14 - -10. Suppose -4*n = 5*i - 57, 9*n = 7*n - i + 27. Calculate the remainder when b(r) is divided by n.
12
Let j(a) = a**2 + 14*a + 7. Let n be 4/(5 - 1)*10. Let h be -1 - n - (-2 + 5). What is the remainder when 27 is divided by j(h)?
6
Suppose 7*c - 57 = 4*c + 2*i, 2*c = 5*i + 16. Let l = -69 - 15. Let k = l + 150. Calculate the remainder when k is divided by c.
20
Let g be 11/2 + 1/(-2). Suppose -h + r = -8, -g*r + 3 = -7. What is the remainder when 37 is divided by h?
7
Suppose 5*m + h = 3*h + 168, 5*m - h = 164. Calculate the remainder when m is divided by 4.
0
Let i be -137*2*-2 - (26 - 25). Suppose 4*y - i = m + 169, -3*m + 166 = y. What is the remainder when y is divided by 60?
58
Let g(f) = 6*f + 47. Suppose -5*c - j + 199 = 0, -4*c - 4*j + 114 = -42. Calculate the remainder when c is divided by g(-4).
17
Calculate the remainder when 159 is divided by ((-80)/56*4)/(2/(-7)).
19
Let w = -2 - -24. Suppose -3*x + 7 = 4*m + w, -5*m + 25 = -5*x. Let r = m + 6. Calculate the remainder when 11 is divided by r.
5
Let s = 20 - 2. Suppose s = 3*x - 39. Calculate the remainder when 56 is divided by x.
18
Suppose -5*r + 4*r = -10. Suppose r*q + 288 = 14*q. Calculate the remainder when q is divided by 25.
22
Let m be ((-77)/1)/(-1)*1. Let t = m - 50. Suppose -2*i = -5*i + t. What is the remainder when 33 is divided by i?
6
Let y(i) = -i + 24. Let f(a) = -23*a**2 + 1. Let m be f(1). Calculate the remainder when m/(-1 - 2/(-4)) is divided by y(9).
14
Let f(l) = 9 + 19 + 8*l - 3 + 16. What is the remainder when 71 is divided by f(-4)?
8
Suppose -6*r = -r + 5. Suppose 723*s + 1134 = 732*s. What is the remainder when s is divided by (-31)/r - (-1)/1?
30
Let p(a) = -a**3 + 11*a**2 - 9*a - 5. Let x be 7/(-21) - (-62)/6. Let q be p(x). Suppose -q = -g + 1. What is the remainder when 15 is divided by g?
3
Let z(k) = k + 14. Suppose 5*x - 53 = -n, -43 = -2*x - 2*x - n. Calculate the remainder when